 to base 3.
-11212
What is 22212 (base 3) in base 7?
461
Convert 10 (base 6) to base 7.
6
72 (base 11) to base 8
117
Convert -2 (base 12) to base 13.
-2
-31 (base 7) to base 11
-20
What is -3 (base 12) in base 5?
-3
Convert 2 (base 7) to base 9.
2
-4 (base 10) to base 9
-4
What is -2302 (base 4) in base 3?
-20121
Convert 3 (base 16) to base 2.
11
Convert -2 (base 3) to base 10.
-2
11 (base 5) to base 13
6
What is -7c (base 13) in base 9?
-124
14 (base 8) to base 4
30
Convert -115 (base 7) to base 13.
-49
Convert -3 (base 7) to base 10.
-3
4 (base 14) to base 15
4
What is 2 (base 9) in base 12?
2
49 (base 10) to base 7
100
What is -4 (base 10) in base 8?
-4
What is 4 (base 5) in base 3?
11
Convert -32 (base 6) to base 8.
-24
What is -5 (base 6) in base 11?
-5
Convert 7 (base 10) to base 3.
21
Convert -8 (base 14) to base 13.
-8
What is 2220 (base 3) in base 14?
58
Convert -40 (base 9) to base 14.
-28
What is 10102 (base 3) in base 14?
68
-1 (base 10) to base 7
-1
What is -13 (base 4) in base 10?
-7
What is -4 (base 16) in base 11?
-4
What is -11 (base 4) in base 15?
-5
68 (base 15) to base 16
62
Convert -2 (base 4) to base 7.
-2
Convert -4 (base 5) to base 15.
-4
Convert -111 (base 2) to base 15.
-7
What is 73 (base 16) in base 15?
7a
What is -2101 (base 3) in base 4?
-1000
-48 (base 12) to base 15
-3b
What is 132 (base 4) in base 7?
42
-244 (base 8) to base 3
-20002
Convert 101011111 (base 2) to base 6.
1343
What is 254 (base 7) in base 12?
b5
What is -18 (base 9) in base 3?
-122
-4 (base 12) to base 14
-4
-1 (base 10) to base 14
-1
Convert -12 (base 4) to base 14.
-6
Convert 5 (base 15) to base 6.
5
-11 (base 10) to base 4
-23
What is c (base 15) in base 2?
1100
-38 (base 12) to base 3
-1122
What is 1002 (base 3) in base 7?
41
-101 (base 2) to base 10
-5
Convert -b (base 12) to base 2.
-1011
What is -3 (base 7) in base 12?
-3
What is 20 (base 4) in base 15?
8
What is -1 (base 11) in base 2?
-1
What is 18 (base 14) in base 7?
31
-42 (base 6) to base 7
-35
What is 1 (base 9) in base 6?
1
Convert -43 (base 7) to base 9.
-34
3 (base 12) to base 14
3
What is 43 (base 16) in base 13?
52
1032 (base 4) to base 12
66
What is -212 (base 8) in base 15?
-93
Convert 40 (base 6) to base 5.
44
11 (base 3) to base 12
4
25 (base 12) to base 6
45
Convert 10 (base 2) to base 12.
2
What is -20 (base 6) in base 7?
-15
Convert 69 (base 16) to base 14.
77
What is 1211 (base 3) in base 2?
110001
-21 (base 8) to base 11
-16
What is -11111111 (base 2) in base 5?
-2010
100 (base 2) to base 10
4
What is b (base 15) in base 8?
13
Convert -8 (base 12) to base 9.
-8
2 (base 3) to base 11
2
What is -31 (base 11) in base 3?
-1021
5 (base 11) to base 16
5
What is -12 (base 5) in base 11?
-7
What is 5 (base 10) in base 9?
5
What is -4a (base 11) in base 4?
-312
Convert -1444 (base 5) to base 9.
-306
0 (base 3) to base 6
0
What is -15 (base 12) in base 8?
-21
-200 (base 6) to base 4
-1020
What is -1 (base 6) in base 12?
-1
-5 (base 11) to base 7
-5
-6 (base 7) to base 5
-11
-11 (base 5) to base 2
-110
-48 (base 11) to base 4
-310
What is -125 (base 10) in base 12?
-a5
-10 (base 8) to base 13
-8
Convert 10110110 (base 2) to base 9.
222
What is 30 (base 7) in base 4?
111
Convert -122 (base 6) to base 14.
-38
-1 (base 5) to base 16
-1
What is 20 (base 3) in base 16?
6
What is 12 (base 8) in base 9?
11
-11211 (base 3) to base 9
-154
-9 (base 16) to base 15
-9
Convert -10 (base 3) to base 15.
-3
Convert 1 (base 16) to base 6.
1
-1 (base 11) to base 2
-1
14 (base 11) to base 9
16
-220 (base 3) to base 9
-26
Convert 11 (base 2) to base 6.
3
Convert 15 (base 6) to base 12.
b
Convert 7 (base 12) to base 14.
7
What is -1100001 (base 2) in base 13?
-76
-226 (base 10) to base 5
-1401
-2 (base 7) to base 16
-2
What is 101 (base 4) in base 14?
13
What is -3 (base 8) in base 10?
-3
41 (base 9) to base 6
101
Convert 229 (base 12) to base 10.
321
Convert -3 (base 11) to base 13.
-3
What is 4 (base 8) in base 5?
4
-1 (base 14) to base 13
-1
What is 151 (base 11) in base 8?
261
Convert 1101101 (base 2) to base 5.
414
What is -1 (base 8) in base 13?
-1
Convert -105 (base 7) to base 10.
-54
Convert -27 (base 15) to base 13.
-2b
30 (base 15) to base 3
1200
-41 (base 6) to base 12
-21
Convert 5 (base 6) to base 16.
5
Convert 2 (base 3) to base 13.
2
What is -130 (base 8) in base 5?
-323
Convert 3 (base 5) to base 4.
3
174 (base 11) to base 14
106
What is 9 (base 13) in base 3?
100
63 (base 13) to base 3
10000
Convert 8 (base 16) to base 9.
8
Convert -116 (base 7) to base 6.
-142
2 (base 9) to base 11
2
0 (base 5) to base 4
0
What is 5 (base 16) in base 6?
5
-a9 (base 11) to base 6
-315
What is -1 (base 16) in base 13?
-1
What is 261 (base 10) in base 13?
171
Convert 222 (base 7) to base 10.
114
50 (base 11) to base 4
313
What is -4 (base 14) in base 6?
-4
-23 (base 8) to base 11
-18
What is 24 (base 14) in base 10?
32
Convert 24 (base 6) to base 3.
121
What is 7 (base 14) in base 5?
12
What is -1a (base 14) in base 10?
-24
-1 (base 8) to base 5
-1
What is -1 (base 15) in base 3?
-1
1 (base 6) to base 9
1
12 (base 8) to base 3
101
Convert 22 (base 3) to base 14.
8
Convert -1 (base 15) to base 4.
-1
Convert 16 (base 13) to base 4.
103
What is -11101 (base 2) in base 8?
-35
Convert -10 (base 8) to base 12.
-8
-101 (base 2) to base 16
-5
Convert -1113 (base 6) to base 13.
-171
Convert 47 (base 11) to base 3.
1220
-16 (base 7) to base 4
-31
133 (base 11) to base 4
2131
What is 122 (base 4) in base 14?
1c
2 (base 5) to base 12
2
What is 6 (base 10) in base 8?
6
Convert -10 (base 2) to base 10.
-2
Convert 16 (base 13) to base 2.
10011
Convert 20 (base 6) to base 4.
30
-16 (base 7) to base 8
-15
What is 50 (base 13) in base 3?
2102
What is -18 (base 10) in base 9?
-20
What is 11 (base 8) in base 2?
1001
-3 (base 16) to base 7
-3
Convert -52 (base 13) to base 8.
-103
What is -3 (base 7) in base 10?
-3
Convert -8e (base 15) to base 9.
-158
What is -a (base 14) in base 9?
-11
What is -11001 (base 2) in base 5?
-100
What is -1 (base 5) in base 4?
-1
What is 2 (base 9) in base 15?
2
What is -1 (base 12) in base 13?
-1
-7 (base 11) to base 10
-7
Convert -16 (base 10) to base 14.
-12
Convert -4 (base 12) to base 4.
-10
What is 1 (base 6) in base 11?
1
Convert 123 (base 5) to base 2.
100110
Convert 2 (base 5) to base 15.
2
-26 (base 13) to base 15
-22
Convert 1100011 (base 2) to base 10.
99
1 (base 5) to base 11
1
14 (base 12) to base 15
11
3 (base 14) to base 5
3
-14 (base 8) to base 11
-11
7 (base 16) to base 12
7
Convert 0 (base 12) to base 14.
0
Convert -10 (base 5) to base 9.
-5
Convert -113 (base 4) to base 10.
-23
Convert 1021 (base 5) to base 6.
344
2 (base 6) to base 5
2
What is 2 (base 13) in base 11?
2
What is 205 (base 7) in base 10?
103
Convert 20 (base 4) to base 5.
13
Convert -101 (base 2) to base 16.
-5
What is -5d (base 16) in base 10?
-93
What is -111 (base 7) in base 3?
-2010
What is -1002 (base 7) in base 9?
-423
What is -2 (base 7) in base 14?
-2
12 (base 14) to base 2
10000
Convert -3 (base 13) to base 11.
-3
Convert -5 (base 7) to base 11.
-5
Convert 0 (base 13) to base 6.
0
What is 3a (base 12) in base 8?
56
Convert 1111111 (base 2) to base 6.
331
-11010000 (base 2) to base 7
-415
What is -2 (base 14) in base 4?
-2
Convert -30 (base 9) to base 3.
-1000
What is -1 (base 14) in base 5?
-1
Convert -1 (base 16) to base 5.
-1
Convert 11 (base 2) to base 12.
3
What is 32 (base 11) in base 5?
120
Convert -2 (base 11) to base 16.
-2
Convert -34 (base 11) to base 16.
-25
Convert 11110101 (base 2) to base 9.
302
What is 2 (base 12) in base 6?
2
What is -55 (base 9) in base 13?
-3b
Convert -27 (base 9) to base 5.
-100
-139 (base 11) to base 5
-1123
What is 20110 (base 3) in base 14?
c6
Convert -41 (base 16) to base 6.
-145
-1 (base 15) to base 12
-1
-2c (base 16) to base 13
-35
-304 (base 6) to base 5
-422
Convert 2 (base 13) to base 5.
2
Convert 48 (base 12) to base 5.
211
What is -3 (base 6) in base 5?
-3
101001 (base 2) to base 8
51
Convert -28 (base 14) to base 7.
-51
Convert 10 (base 2) to base 6.
2
-1 (base 12) to base 2
-1
What is -3 (base 5) in base 6?
-3
57 (base 11) to base 5
222
What is -2 (base 6) in base 12?
-2
Convert 5 (base 9) to base 11.
5
Convert 2 (base 16) to base 14.
2
What is 